{"id":82,"date":"2018-12-14T10:31:22","date_gmt":"2018-12-14T09:31:22","guid":{"rendered":"http:\/\/lekarpredeti.sk\/?page_id=82"},"modified":"2018-12-18T23:15:03","modified_gmt":"2018-12-18T22:15:03","slug":"sluzby","status":"publish","type":"page","link":"https:\/\/lekarpredeti.sk\/?page_id=82","title":{"rendered":"Slu\u017eby"},"content":{"rendered":"<h1><span style=\"color: #800000;\"><strong>Slu\u017eby poskytovan\u00e9 ambulanciou:<\/strong><\/span><\/h1>\n<p><strong>Prevent\u00edvne prehliadky<\/strong> &#8211; prevent\u00edvne prehliadky det\u00ed s\u00fa plne hraden\u00e9 zdravotn\u00fdmi pois\u0165ov\u0148ami. S\u00fa\u010das\u0165ou niektor\u00fdch prehliadok je aj povinn\u00e9 o\u010dkovanie.<\/p>\n<p><strong>Povinn\u00e9 o\u010dkovanie<\/strong> &#8211; je s\u00fa\u010das\u0165ou zdravotnej prevencie a starostlivosti o deti a je ur\u010den\u00e9 k predch\u00e1dzaniu vzniku niektor\u00fdch infek\u010dn\u00fdch chor\u00f4b. Av\u0161ak je d\u00f4le\u017eit\u00e9 vedie\u0165, \u017ee \u017eiadne o\u010dkovanie nezabr\u00e1ni na 100% vzniku ochorenia, proti ktor\u00e9mu je o\u010dkovacia l\u00e1tka vyroben\u00e1. &nbsp;Povinn\u00e9 o\u010dkovania ur\u010duje vyhl\u00e1\u0161ka Ministerstva zdravotn\u00edctva SR \u010d. 585\/2008 Z. z. v&nbsp;znen\u00ed neskor\u0161\u00edch predpisov, ktorou sa ustanovuj\u00fa podrobnosti o prevencii a kontrole prenosn\u00fdch ochoren\u00ed.<\/p>\n<p><strong>Nepovinn\u00e9 o\u010dkovanie &#8211; <\/strong>o\u010dkovacie l\u00e1tky neschv\u00e1len\u00e9 pre povinn\u00e9 o\u010dkovania si rodi\u010dia hradia sami.<\/p>\n<p><strong>Vy\u0161etrenie zraku<\/strong><\/p>\n<p><strong>Nastrelovanie n\u00e1u\u0161n\u00edc<\/strong><\/p>\n<p><strong>Odber krvi<\/strong> \u2013 v pr\u00edpade potreby presnej\u0161ej diagnostiky vy\u0161etrujeme nielen z\u00e1palov\u00e9 parametre, ale aj stav imunity pacienta, mineralogram \/ pri r\u00fdchlom raste, bolestiach kost\u00ed\/ , pr\u00edpadne orienta\u010dne poruchy tr\u00e1venia \/ mo\u017en\u00e9 parazity, ochorenia pankreasu, pe\u010dene\/, reumatick\u00e9 parametre, boreli\u00f3zu.<\/p>\n<p><strong>Vy\u0161etrenie CRP<\/strong> \u2013 r\u00fdchly diagnostick\u00fd test bakt\u00e9riovej infekcie. Vy\u0161etrenie z prsta z kvapky krvi na po\u010dkanie je pre kapitovan\u00fdch poistencov zdarma. Z\u00e1palov\u00fd marker umo\u017en\u00ed rozl\u00ed\u0161i\u0165 v\u00edrusov\u00fa a bakteri\u00e1lnu infekciu a t\u00fdm pom\u00e1ha pri rozhodovan\u00ed, \u010di die\u0165a potrebuje antibiotick\u00fa lie\u010dbu. Antibiotik\u00e1 sa predpisuj\u00fa, len ak je to skuto\u010dne nevyhnutn\u00e9.<\/p>\n<p><strong>V\u00fdter z&nbsp;hrdla a nosa<\/strong> \u2013 v\u00fdtery hrdla alebo nosa sa robia pri infekci\u00e1ch horn\u00fdch d\u00fdchac\u00edch ciest alebo pri p\u00e1tran\u00ed po lo\u017eisk\u00e1ch mo\u017enej infekcie. Umo\u017e\u0148uje identifikova\u0165 p\u00f4vodcov infekcie a citlivos\u0165 antibiot\u00edk na t\u00fdchto patog\u00e9nov.<\/p>\n<p>V pr\u00edpade potreby s\u00fa v\u0161etci pacienti pod\u013ea zistenej diagn\u00f3zy odosielan\u00ed na \u010fal\u0161ie vy\u0161etrenia k \u0161pecialistom.<\/p>\n","protected":false},"excerpt":{"rendered":"<p>Slu\u017eby poskytovan\u00e9 ambulanciou: Prevent\u00edvne prehliadky &#8211; prevent\u00edvne prehliadky det\u00ed s\u00fa plne hraden\u00e9 zdravotn\u00fdmi pois\u0165ov\u0148ami. S\u00fa\u010das\u0165ou niektor\u00fdch prehliadok je aj povinn\u00e9 o\u010dkovanie. Povinn\u00e9 o\u010dkovanie &#8211; je s\u00fa\u010das\u0165ou zdravotnej prevencie a starostlivosti o deti a je ur\u010den\u00e9 k predch\u00e1dzaniu vzniku niektor\u00fdch infek\u010dn\u00fdch chor\u00f4b. Av\u0161ak je d\u00f4le\u017eit\u00e9 vedie\u0165, \u017ee \u017eiadne o\u010dkovanie nezabr\u00e1ni na 100% vzniku ochorenia, proti ktor\u00e9mu [&hellip;]<\/p>\n","protected":false},"author":1,"featured_media":114,"parent":0,"menu_order":0,"comment_status":"closed","ping_status":"closed","template":"","meta":{"_monsterinsights_skip_tracking":false,"_monsterinsights_sitenote_active":false,"_monsterinsights_sitenote_note":"","_monsterinsights_sitenote_category":0,"footnotes":""},"class_list":["post-82","page","type-page","status-publish","has-post-thumbnail","hentry"],"yoast_head":"<!-- This site is optimized with the Yoast SEO plugin v24.5 - https:\/\/yoast.com\/wordpress\/plugins\/seo\/ -->\n<title>Slu\u017eby &#8226; MUDr. L\u00fddia Jan\u010d\u00edkov\u00e1 &#8226; www.lekarpredeti.sk<\/title>\n<meta name=\"description\" content=\"Ambulancia MUDr. L\u00fddie Jan\u010d\u00edkovej poskytuje slu\u017eby ambulantnej starostlivosti pre deti a dorast &#8226; Prij\u00edmame novorodencov &#8226;\" \/>\n<meta name=\"robots\" content=\"index, follow, max-snippet:-1, max-image-preview:large, max-video-preview:-1\" \/>\n<link rel=\"canonical\" href=\"https:\/\/lekarpredeti.sk\/?page_id=82\" \/>\n<meta property=\"og:locale\" content=\"sk_SK\" \/>\n<meta property=\"og:type\" content=\"article\" \/>\n<meta property=\"og:title\" content=\"Slu\u017eby &#8226; MUDr. L\u00fddia Jan\u010d\u00edkov\u00e1 &#8226; www.lekarpredeti.sk\" \/>\n<meta property=\"og:description\" content=\"Ambulancia MUDr. L\u00fddie Jan\u010d\u00edkovej poskytuje slu\u017eby ambulantnej starostlivosti pre deti a dorast &#8226; Prij\u00edmame novorodencov &#8226;\" \/>\n<meta property=\"og:url\" content=\"https:\/\/lekarpredeti.sk\/?page_id=82\" \/>\n<meta property=\"og:site_name\" content=\"www.lekarpredeti.sk\" \/>\n<meta property=\"article:modified_time\" content=\"2018-12-18T22:15:03+00:00\" \/>\n<meta property=\"og:image\" content=\"https:\/\/lekarpredeti.sk\/wp-content\/uploads\/2018\/12\/FP-PPD-17-9440-21.jpg\" \/>\n\t<meta property=\"og:image:width\" content=\"5500\" \/>\n\t<meta property=\"og:image:height\" content=\"4000\" \/>\n\t<meta property=\"og:image:type\" content=\"image\/jpeg\" \/>\n<meta name=\"twitter:card\" content=\"summary_large_image\" \/>\n<meta name=\"twitter:label1\" content=\"Predpokladan\u00fd \u010das \u010d\u00edtania\" \/>\n\t<meta name=\"twitter:data1\" content=\"2 min\u00faty\" \/>\n<script type=\"application\/ld+json\" class=\"yoast-schema-graph\">{\"@context\":\"https:\/\/schema.org\",\"@graph\":[{\"@type\":\"WebPage\",\"@id\":\"https:\/\/lekarpredeti.sk\/?page_id=82\",\"url\":\"https:\/\/lekarpredeti.sk\/?page_id=82\",\"name\":\"Slu\u017eby &#8226; MUDr. L\u00fddia Jan\u010d\u00edkov\u00e1 &#8226; www.lekarpredeti.sk\",\"isPartOf\":{\"@id\":\"https:\/\/lekarpredeti.sk\/#website\"},\"primaryImageOfPage\":{\"@id\":\"https:\/\/lekarpredeti.sk\/?page_id=82#primaryimage\"},\"image\":{\"@id\":\"https:\/\/lekarpredeti.sk\/?page_id=82#primaryimage\"},\"thumbnailUrl\":\"https:\/\/lekarpredeti.sk\/wp-content\/uploads\/2018\/12\/FP-PPD-17-9440-21.jpg\",\"datePublished\":\"2018-12-14T09:31:22+00:00\",\"dateModified\":\"2018-12-18T22:15:03+00:00\",\"description\":\"Ambulancia MUDr. L\u00fddie Jan\u010d\u00edkovej poskytuje slu\u017eby ambulantnej starostlivosti pre deti a dorast &#8226; Prij\u00edmame novorodencov &#8226;\",\"breadcrumb\":{\"@id\":\"https:\/\/lekarpredeti.sk\/?page_id=82#breadcrumb\"},\"inLanguage\":\"sk-SK\",\"potentialAction\":[{\"@type\":\"ReadAction\",\"target\":[\"https:\/\/lekarpredeti.sk\/?page_id=82\"]}]},{\"@type\":\"ImageObject\",\"inLanguage\":\"sk-SK\",\"@id\":\"https:\/\/lekarpredeti.sk\/?page_id=82#primaryimage\",\"url\":\"https:\/\/lekarpredeti.sk\/wp-content\/uploads\/2018\/12\/FP-PPD-17-9440-21.jpg\",\"contentUrl\":\"https:\/\/lekarpredeti.sk\/wp-content\/uploads\/2018\/12\/FP-PPD-17-9440-21.jpg\",\"width\":5500,\"height\":4000,\"caption\":\"Slu\u017eby, ktor\u00e9 poskytuje ambulancia MUDr. L\u00fddie Jan\u010d\u00edkovej\"},{\"@type\":\"BreadcrumbList\",\"@id\":\"https:\/\/lekarpredeti.sk\/?page_id=82#breadcrumb\",\"itemListElement\":[{\"@type\":\"ListItem\",\"position\":1,\"name\":\"Home\",\"item\":\"https:\/\/lekarpredeti.sk\/\"},{\"@type\":\"ListItem\",\"position\":2,\"name\":\"Slu\u017eby\"}]},{\"@type\":\"WebSite\",\"@id\":\"https:\/\/lekarpredeti.sk\/#website\",\"url\":\"https:\/\/lekarpredeti.sk\/\",\"name\":\"www.lekarpredeti.sk\",\"description\":\"PEDI-ANET s.r.o. V\u0161eobecn\u00fd lek\u00e1r pre deti a dorast\",\"potentialAction\":[{\"@type\":\"SearchAction\",\"target\":{\"@type\":\"EntryPoint\",\"urlTemplate\":\"https:\/\/lekarpredeti.sk\/?s={search_term_string}\"},\"query-input\":{\"@type\":\"PropertyValueSpecification\",\"valueRequired\":true,\"valueName\":\"search_term_string\"}}],\"inLanguage\":\"sk-SK\"}]}<\/script>\n<!-- \/ Yoast SEO plugin. -->","yoast_head_json":{"title":"Slu\u017eby &#8226; MUDr. L\u00fddia Jan\u010d\u00edkov\u00e1 &#8226; www.lekarpredeti.sk","description":"Ambulancia MUDr. L\u00fddie Jan\u010d\u00edkovej poskytuje slu\u017eby ambulantnej starostlivosti pre deti a dorast &#8226; Prij\u00edmame novorodencov &#8226;","robots":{"index":"index","follow":"follow","max-snippet":"max-snippet:-1","max-image-preview":"max-image-preview:large","max-video-preview":"max-video-preview:-1"},"canonical":"https:\/\/lekarpredeti.sk\/?page_id=82","og_locale":"sk_SK","og_type":"article","og_title":"Slu\u017eby &#8226; MUDr. L\u00fddia Jan\u010d\u00edkov\u00e1 &#8226; www.lekarpredeti.sk","og_description":"Ambulancia MUDr. L\u00fddie Jan\u010d\u00edkovej poskytuje slu\u017eby ambulantnej starostlivosti pre deti a dorast &#8226; Prij\u00edmame novorodencov &#8226;","og_url":"https:\/\/lekarpredeti.sk\/?page_id=82","og_site_name":"www.lekarpredeti.sk","article_modified_time":"2018-12-18T22:15:03+00:00","og_image":[{"width":5500,"height":4000,"url":"https:\/\/lekarpredeti.sk\/wp-content\/uploads\/2018\/12\/FP-PPD-17-9440-21.jpg","type":"image\/jpeg"}],"twitter_card":"summary_large_image","twitter_misc":{"Predpokladan\u00fd \u010das \u010d\u00edtania":"2 min\u00faty"},"schema":{"@context":"https:\/\/schema.org","@graph":[{"@type":"WebPage","@id":"https:\/\/lekarpredeti.sk\/?page_id=82","url":"https:\/\/lekarpredeti.sk\/?page_id=82","name":"Slu\u017eby &#8226; MUDr. L\u00fddia Jan\u010d\u00edkov\u00e1 &#8226; www.lekarpredeti.sk","isPartOf":{"@id":"https:\/\/lekarpredeti.sk\/#website"},"primaryImageOfPage":{"@id":"https:\/\/lekarpredeti.sk\/?page_id=82#primaryimage"},"image":{"@id":"https:\/\/lekarpredeti.sk\/?page_id=82#primaryimage"},"thumbnailUrl":"https:\/\/lekarpredeti.sk\/wp-content\/uploads\/2018\/12\/FP-PPD-17-9440-21.jpg","datePublished":"2018-12-14T09:31:22+00:00","dateModified":"2018-12-18T22:15:03+00:00","description":"Ambulancia MUDr. L\u00fddie Jan\u010d\u00edkovej poskytuje slu\u017eby ambulantnej starostlivosti pre deti a dorast &#8226; Prij\u00edmame novorodencov &#8226;","breadcrumb":{"@id":"https:\/\/lekarpredeti.sk\/?page_id=82#breadcrumb"},"inLanguage":"sk-SK","potentialAction":[{"@type":"ReadAction","target":["https:\/\/lekarpredeti.sk\/?page_id=82"]}]},{"@type":"ImageObject","inLanguage":"sk-SK","@id":"https:\/\/lekarpredeti.sk\/?page_id=82#primaryimage","url":"https:\/\/lekarpredeti.sk\/wp-content\/uploads\/2018\/12\/FP-PPD-17-9440-21.jpg","contentUrl":"https:\/\/lekarpredeti.sk\/wp-content\/uploads\/2018\/12\/FP-PPD-17-9440-21.jpg","width":5500,"height":4000,"caption":"Slu\u017eby, ktor\u00e9 poskytuje ambulancia MUDr. L\u00fddie Jan\u010d\u00edkovej"},{"@type":"BreadcrumbList","@id":"https:\/\/lekarpredeti.sk\/?page_id=82#breadcrumb","itemListElement":[{"@type":"ListItem","position":1,"name":"Home","item":"https:\/\/lekarpredeti.sk\/"},{"@type":"ListItem","position":2,"name":"Slu\u017eby"}]},{"@type":"WebSite","@id":"https:\/\/lekarpredeti.sk\/#website","url":"https:\/\/lekarpredeti.sk\/","name":"www.lekarpredeti.sk","description":"PEDI-ANET s.r.o. V\u0161eobecn\u00fd lek\u00e1r pre deti a dorast","potentialAction":[{"@type":"SearchAction","target":{"@type":"EntryPoint","urlTemplate":"https:\/\/lekarpredeti.sk\/?s={search_term_string}"},"query-input":{"@type":"PropertyValueSpecification","valueRequired":true,"valueName":"search_term_string"}}],"inLanguage":"sk-SK"}]}},"_links":{"self":[{"href":"https:\/\/lekarpredeti.sk\/index.php?rest_route=\/wp\/v2\/pages\/82","targetHints":{"allow":["GET"]}}],"collection":[{"href":"https:\/\/lekarpredeti.sk\/index.php?rest_route=\/wp\/v2\/pages"}],"about":[{"href":"https:\/\/lekarpredeti.sk\/index.php?rest_route=\/wp\/v2\/types\/page"}],"author":[{"embeddable":true,"href":"https:\/\/lekarpredeti.sk\/index.php?rest_route=\/wp\/v2\/users\/1"}],"replies":[{"embeddable":true,"href":"https:\/\/lekarpredeti.sk\/index.php?rest_route=%2Fwp%2Fv2%2Fcomments&post=82"}],"version-history":[{"count":4,"href":"https:\/\/lekarpredeti.sk\/index.php?rest_route=\/wp\/v2\/pages\/82\/revisions"}],"predecessor-version":[{"id":182,"href":"https:\/\/lekarpredeti.sk\/index.php?rest_route=\/wp\/v2\/pages\/82\/revisions\/182"}],"wp:featuredmedia":[{"embeddable":true,"href":"https:\/\/lekarpredeti.sk\/index.php?rest_route=\/wp\/v2\/media\/114"}],"wp:attachment":[{"href":"https:\/\/lekarpredeti.sk\/index.php?rest_route=%2Fwp%2Fv2%2Fmedia&parent=82"}],"curies":[{"name":"wp","href":"https:\/\/api.w.org\/{rel}","templated":true}]}}